millions digit of 622174719?
2
What is the units digit of 563631943?
3
What is the millions digit of 42129094?
2
What is the billions digit of 1519092084?
1
What is the tens digit of 1117308469?
6
What is the ten millions digit of 1483773133?
8
What is the tens digit of 3689532786?
8
What is the ten millions digit of 582232975?
8
What is the ten thousands digit of 235097022?
9
What is the hundred thousands digit of 1770539398?
5
What is the tens digit of 2131841747?
4
What is the hundred millions digit of 1090338930?
0
What is the thousands digit of 4088074?
8
What is the tens digit of 2466007262?
6
What is the hundred thousands digit of 181306706?
3
What is the billions digit of 1630828272?
1
What is the hundreds digit of 3710742036?
0
What is the ten millions digit of 13834777?
1
What is the thousands digit of 127249532?
9
What is the hundred millions digit of 349746613?
3
What is the ten millions digit of 931860323?
3
What is the ten millions digit of 578900574?
7
What is the hundreds digit of 886048835?
8
What is the hundred millions digit of 615323997?
6
What is the ten thousands digit of 569358001?
5
What is the millions digit of 476348090?
6
What is the ten thousands digit of 266008588?
0
What is the thousands digit of 498554660?
4
What is the ten millions digit of 218811853?
1
What is the units digit of 615863576?
6
What is the tens digit of 35801367?
6
What is the ten thousands digit of 439625697?
2
What is the tens digit of 135583665?
6
What is the ten millions digit of 948105794?
4
What is the hundred thousands digit of 824158345?
1
What is the tens digit of 134607101?
0
What is the tens digit of 53171669?
6
What is the ten millions digit of 159355432?
5
What is the thousands digit of 4365120251?
0
What is the thousands digit of 19905688?
5
What is the ten millions digit of 1330562961?
3
What is the tens digit of 3797242186?
8
What is the units digit of 69484714?
4
What is the units digit of 1477152785?
5
What is the millions digit of 10427335?
0
What is the ten thousands digit of 1012588698?
8
What is the ten millions digit of 142931253?
4
What is the billions digit of 4112447754?
4
What is the hundred thousands digit of 528286034?
2
What is the thousands digit of 29207487?
7
What is the millions digit of 92576513?
2
What is the thousands digit of 121801133?
1
What is the units digit of 39194617?
7
What is the hundred thousands digit of 190224437?
2
What is the hundreds digit of 65426871?
8
What is the hundreds digit of 195614046?
0
What is the ten thousands digit of 938945159?
4
What is the hundred thousands digit of 57467606?
4
What is the hundreds digit of 91469308?
3
What is the ten thousands digit of 488384650?
8
What is the hundreds digit of 13543065?
0
What is the ten thousands digit of 17296505?
9
What is the thousands digit of 489960778?
0
What is the units digit of 32702308?
8
What is the hundreds digit of 714226477?
4
What is the hundreds digit of 3428677103?
1
What is the hundred millions digit of 155047079?
1
What is the millions digit of 6491023676?
1
What is the ten thousands digit of 14169407?
6
What is the ten millions digit of 285358849?
8
What is the hundreds digit of 4778128304?
3
What is the units digit of 2069355218?
8
What is the ten millions digit of 109167841?
0
What is the hundreds digit of 236781617?
6
What is the hundreds digit of 79295373?
3
What is the ten millions digit of 48391676?
4
What is the ten thousands digit of 1545391530?
9
What is the ten millions digit of 89863985?
8
What is the thousands digit of 3035742?
5
What is the units digit of 66346298?
8
What is the millions digit of 33160791?
3
What is the hundred millions digit of 392626130?
3
What is the millions digit of 121846442?
1
What is the units digit of 4845783213?
3
What is the hundred millions digit of 301546773?
3
What is the units digit of 428236286?
6
What is the ten millions digit of 185522521?
8
What is the millions digit of 746942996?
6
What is the tens digit of 7173413311?
1
What is the tens digit of 5003674?
7
What is the hundred millions digit of 334153473?
3
What is the hundreds digit of 102144735?
7
What is the hundreds digit of 11111445?
4
What is the units digit of 8205287?
7
What is the units digit of 16216212?
2
What is the ten thousands digit of 25853830?
5
What is the ten thousands digit of 1062338?
6
What is the billions digit of 1822884203?
1
What is the hundreds digit of 35823216?
2
What is the units digit of 9568717?
7
What is the ten thousands digit of 2683791902?
9
What is the millions digit of 81008933?
1
What is the hundreds digit of 58322399?
3
What is the ten thousands digit of 985876146?
7
What is the ten millions digit of 105999066?
0
What is the billions digit of 1743207153?
1
What is the ten thousands digit of 1171066078?
6
What is the ten thousands digit of 38397786?
9
What is the thousands digit of 4069983347?
3
What is the hundred thousands digit of 28840272?
8
What is the thousands digit of 1515661391?
1
What is the ten thousands digit of 5619249381?
4
What is the hundreds digit of 54351696?
6
What is the millions digit of 2497154419?
7
What is the ten millions digit of 199203505?
9
What is the ten thousands digit of 62631738?
3
What is the hundreds digit of 76739087?
0
What is the thousands digit of 1425865305?
5
What is the units digit of 93003101?
1
What is the ten millions digit of 144738079?
4
What is the millions digit of 57921444?
7
What is the thousands digit of 1142765602?
5
What is the ten thousands digit of 382271465?
7
What is the hundred thousands digit of 679423951?
4
What is the ten thousands digit of 15525371?
2
What is the tens digit of 1449871247?
4
What is the thousands digit of 1362416237?
6
What is the millions digit of 112190380?
2
What is the hundred millions digit of 3589380846?
5
What is the thousands digit of 386386314?
6
What is the millions digit of 102459846?
2
What is the hundreds digit of 211376939?
9
What is the ten millions digit of 259420317?
5
What is the ten thousands digit of 1267329993?
2
What is the units digit of 1502100212?
2
What is the ten thousands digit of 105884416?
8
What is the hundred millions digit of 774677239?
7
What is the hundred thousands digit of 172947244?
9
What is the ten thousands digit of 202116228?
1
What is the tens digit of 614976141?
4
What is the ten thousands digit of 32443407?
4
What is the ten thousands digit of 174945431?
4
What is the ten millions digit of 63641020?
6
What is the ten thousands digit of 408333899?
3
What is the thousands digit of 539152961?
2
What is the ten thousands digit of 3119298099?
9
What is the millions digit of 1362461851?
2
What is the tens digit of 62025113?
1
What is the millions digit of 64873962?
4
What is the ten millions digit of 1809499456?
0
What is the hundreds digit of 938887113?
1
What is the hundreds digit of 8414512?
5
What is the millions digit of 2497458881?
7
What is the billions digit of 2901148989?
2
What is the hundred thousands digit of 77921783?
9
What is the tens digit of 57707491?
9
What is the hundred thousands digit of 1570924118?
9
What is the millions digit of 905592264?
5
What is the tens digit of 280947454?
5
What is the tens digit of 3227949316?
1
What is the ten millions digit of 511665487?
1
What is the ten thousands digit of 1030480187?
8
What is the ten thousands digit of 218151765?
5
What is the units digit of 3072228223?
3
What is the hundreds digit of 2413487413?
4
What is the tens digit of 17317814?
1
What is the thousands digit of 1764789803?
9
What is the tens digit of 1653193796?
9
What is the hundreds digit of 45297646?
6
What is the hundred thousands digit of 3599594718?
5
What is the ten thousands digit of 1188051240?
5
What is the ten thousands digit of 91597305?
9
What is the millions digit of 185943584?
5
What is the units digit of 4593121852?
2
What is the hundred thousands digit of 5088942491?
9
What is the hundreds digit of 544784084?
0
What is the ten millions digit of 53792941?
5
What is the ten thousands digit of 19962255?
6
What is the ten thousands digit of 637874347?
7
What is the hundreds digit of 820028982?
9
What is the hundred thousands digit of 587761244?
7
What is the units digit of 109694193?
3
What is the hundred millions digit of 8236591